late the greatest common factor of 19 and l.
19
Let z be 28 + -4 + -3 + 5. What is the highest common divisor of z and 143?
13
Let i(j) = j - 8. Let n be i(3). Let s be 9 + n - (2 - 295). What is the greatest common divisor of s and 27?
27
Let k(z) = 2*z + 2. Let h be k(15). Calculate the greatest common divisor of h and 80.
16
Let z(o) = -o**3 + 8*o**2 - 2*o - 6. Let s be z(7). Let v = s - 14. What is the highest common divisor of v and 10?
5
Suppose 2*f - 7*f + 198 = -2*v, 2*v = -2*f + 82. What is the highest common divisor of 5 and f?
5
Let m be (-1)/(((-1)/(-5))/(-1)). Calculate the highest common factor of m and 25.
5
Suppose 0 = 3*o - 2*o - 3*h - 27, o - 19 = h. Let f = 171 + -166. What is the highest common factor of o and f?
5
Let v = 32 + 7. What is the highest common divisor of v and 13?
13
Let s be -2 - (-26)/((-2)/(-1)). Suppose -5*r = -r - 216. Suppose 0 = q - 1 - r. Calculate the highest common factor of q and s.
11
Suppose 3*x - 32 = -x. What is the highest common factor of 88 and x?
8
Suppose -2*q + 6*q + 8 = 0. Let w(h) = -h**2 - 2*h. Let t be w(q). Suppose t*g = -2*g + 32. Calculate the highest common factor of 16 and g.
16
Let p be (-4)/6 + 60/(-18). Let c be (-90)/p*(-24)/(-10). Calculate the greatest common factor of 18 and c.
18
Let w = -57 - -103. Calculate the greatest common factor of 23 and w.
23
Let z = -25 - -62. What is the highest common factor of 37 and z?
37
Let v(c) = -2*c + 3. Let z be v(-6). Let d be 11/(-154)*-212 + 1/(-7). Calculate the greatest common divisor of d and z.
15
Suppose -3*k = -3*u + 87, -4*u + 5*k + 82 = -39. What is the greatest common divisor of u and 6?
6
Suppose -4*g = -g + 24. Let o be (18/g)/(2/(-16)). Let w = -105 + 195. What is the highest common divisor of w and o?
18
Suppose 5*z + s - 30 = -4*s, 4*s - 14 = z. Suppose -3*t - z = 1, -4*x - t = -59. Let a be (-2)/5 + 1086/x. Calculate the highest common factor of a and 18.
18
Let v = -15 + 35. Calculate the highest common factor of v and 35.
5
Let h(y) = y**2 - 5*y + 7. Let t(g) = -g**2 + 6*g + 2. Let q be t(5). Let w be h(q). Calculate the greatest common divisor of w and 3.
3
Let q = -12 + 15. Let r(j) = -j**3 - 6*j**2 + 3*j - 4. Let z be r(-5). Let y be 1/q + z/(-3). Calculate the greatest common divisor of y and 135.
15
Let n(z) = 49*z**2 - 2*z - 1. Let s be n(-1). Let p = s + -25. What is the highest common factor of p and 5?
5
Suppose 3*q - 8*q = -50. Let w be (84/30)/(4/q). What is the highest common divisor of 63 and w?
7
Let u(s) = -6*s - 2. Suppose -p - 1 - 2 = -2*w, 2*w + 4*p - 28 = 0. Suppose 0 = -3*q + w*q + 3. Let y be u(q). What is the greatest common divisor of 32 and y?
16
Let n = 84 - 56. Let o(y) = -y**2 - 7*y + 1. Let u be o(-6). Calculate the greatest common factor of u and n.
7
Let c be (34/(-4))/(7/(-672)*4). Let j(g) = -6*g**3 - 2*g - 1. Let l be j(-1). Suppose -4*s + l*s = c. What is the highest common factor of 17 and s?
17
Let l(c) = c**3 + c. Let o be l(1). Suppose 0 = v - 14 + o. Calculate the highest common divisor of 108 and v.
12
Let r be -1 + 0 - 2 - 1. Let l = -2 - r. Suppose -48 = -2*z - 2*v, -l*z + 4*z - 66 = 4*v. What is the highest common factor of 9 and z?
9
Let v = 5 - 5. Let s be (v - -201)*(-2)/(-6). Let l be s + 5/((-15)/6). Calculate the highest common factor of l and 13.
13
Let p = 209 - 105. Suppose p = 3*k + 2*b, k - 2*b = -7*b + 26. What is the highest common divisor of 18 and k?
18
Suppose 0 = -o + 2*o - 60. Suppose 5*l + o = -0*l. Let g(d) = -d - 2. Let w be g(l). What is the highest common divisor of 50 and w?
10
Let p be (-1 - 2/4)/((-12)/32). Let y = 5 - 3. Suppose -y*j + p = t, -t = 3*j - 2 + 1. What is the greatest common divisor of t and 110?
10
Suppose -z + 3 = -1, -3*z = 2*x - 16. Suppose x*c = -c + 6. Suppose -3 = c*u - 29. Calculate the highest common divisor of 117 and u.
13
Let x = 96 - 79. What is the greatest common divisor of 17 and x?
17
Let x be 84/(-18) + 4 + (-1041)/(-9). Calculate the highest common divisor of 23 and x.
23
Let o(a) = 2*a**2 - 12*a - 13. Let w be o(9). Let q = w - 25. Calculate the highest common factor of q and 40.
8
Let k be (4 - 2)/(4/46). What is the highest common factor of k and 46?
23
Let g = 341 + -211. Let u be g/(-4) + 2/(-4). Let z be 2*u/(-2)*1. What is the greatest common divisor of z and 11?
11
Suppose 94*y - 2 = 93*y. What is the greatest common factor of 20 and y?
2
Let j be 2*-7*5/(-1). Suppose -j = -2*y + y. What is the highest common divisor of y and 14?
14
Let a(i) = -3*i**2 + 3*i**3 - i - 8*i**3 + 2*i + 6*i**3. Let g be a(3). Let t be 2 + -1 - (-106 - g). What is the greatest common factor of t and 22?
22
Let y(k) = -4*k**2 - 2*k - 9. Let w be y(-6). Let x = -42 - w. Suppose r - x = -3*r - c, r - 36 = -4*c. What is the highest common factor of 12 and r?
12
Suppose 0 = -s + 4*o - 1, -s + 3*o - 5*o = -11. Suppose -2*u - s = -9. What is the highest common factor of u and 1?
1
Let l(a) = -a**3 - 5*a**2 - 5*a - 1. Let b be l(-4). Suppose 77 = 3*k - 3*j - 19, -79 = -2*k + 5*j. What is the highest common factor of k and b?
3
Let w(y) = 2*y + 2. Let v be w(3). Let k = 100 + -80. What is the greatest common divisor of k and v?
4
Let n be -6*((-3)/12 + 246/(-24)). Calculate the greatest common factor of n and 315.
63
Suppose 0*s + 16 = 2*s. Let z = 8 - 4. Suppose 5*l = -z*r - 5 + 26, -5*r = -2*l - 18. Calculate the highest common factor of r and s.
4
Let i be 6/18 - 44/(-3). Suppose -5*b - 2*g + 6 = 0, -1 = -b - 3*g - 5. Suppose 3*u = b*u + 15. Calculate the highest common divisor of u and i.
15
Let m(c) = 49*c - 2. Let d be m(1). Calculate the highest common divisor of 188 and d.
47
Suppose -z - 3*z + 470 = 5*b, 0 = b - z - 103. What is the greatest common factor of 14 and b?
14
Let x(l) = -9*l + 21*l - 2 + 3*l + 14*l. Let n be x(3). Calculate the highest common factor of 34 and n.
17
Suppose -3*k = -4*k + 10. Suppose s - k = 8. Calculate the highest common factor of s and 12.
6
Let v be (-1 + 32)/1 + -1. Suppose 0 = -3*u + 2*u + v. What is the highest common factor of 240 and u?
30
Suppose -19 = -3*m - a + 163, -242 = -4*m - a. Calculate the highest common divisor of 80 and m.
20
Let d(z) = -z**3 - 11*z**2 - 11*z - 5. Let t be d(-10). Suppose -t*y + 48 = 3. What is the highest common factor of 45 and y?
9
Let z(r) = -r**3 - 6*r**2 + 10*r + 7. Let v be z(-7). Let b = 26 + v. Suppose 0*m + b = m + 2*i, i = 5*m - 104. Calculate the highest common factor of 4 and m.
4
Let f(o) = o + 26. Let w be f(-15). Calculate the greatest common divisor of w and 77.
11
Let d(n) = -n - 4. Let y be d(-8). Let o be 2/y*4 - -7. What is the greatest common factor of o and 81?
9
Let r(m) = 1. Let t(v) = -v. Let p(g) = -r(g) - t(g). Let k be p(5). Suppose 2 = x + 1. Calculate the highest common factor of k and x.
1
Let n(z) = z**3 + 7*z + 8. Let q be n(5). Calculate the highest common factor of 21 and q.
21
Suppose -5 = -p + 5*n + 7, 3*n + 84 = 3*p. Suppose 2*a - 113 - 43 = -2*u, 4*u = 5*a - 408. Calculate the highest common factor of a and p.
16
Suppose 3*l - 7*l - q + 129 = 0, 97 = 3*l + q. What is the highest common factor of 80 and l?
16
Let s(f) = -59*f. Let j(l) = -58*l. Let c(q) = 4*j(q) - 3*s(q). Let v be c(-4). Calculate the greatest common factor of v and 20.
20
Let q = 143 - 101. Calculate the greatest common factor of q and 21.
21
Let n be (27/6)/((-4)/(-8)). What is the highest common factor of n and 3?
3
Suppose 0*y - y + 65 = 0. Let z = 31 + -16. Suppose 5*d + z = 80. Calculate the greatest common divisor of d and y.
13
Let j = -1 - -2. Let o(f) = f**2 - 2*f + 3. Let w be o(4). Calculate the greatest common factor of j and w.
1
Let t = 1 - -4. Suppose 218 = t*x + 8. Suppose -2*o + 2*s = -48, 2*o - 5*s - 64 = -o. Calculate the highest common factor of o and x.
14
Let c(d) = 6*d**2 + 3*d - 7. Let y be c(2). Calculate the greatest common factor of y and 253.
23
Suppose 0 = 5*b - 2820 - 510. Let q be b/14 + 15/35. Let p = -5 - -11. What is the greatest common divisor of p and q?
6
Suppose 0 = -n - 3*n + 36. Suppose v - 5*f + 15 + 8 = 0, 4*f - 16 = 2*v. Let d be (-306)/((-6)/v) + -3. Calculate the greatest common divisor of d and n.
9
Let n = 179 - 170. What is the greatest common factor of 99 and n?
9
Let u be 1/3 + 32/12. Suppose 0 = u*o - 10 - 1